{"id":89,"date":"2024-08-15T15:47:26","date_gmt":"2024-08-15T15:47:26","guid":{"rendered":"https:\/\/radmed.com.pl\/?page_id=89"},"modified":"2024-08-15T16:06:40","modified_gmt":"2024-08-15T16:06:40","slug":"kontakt","status":"publish","type":"page","link":"https:\/\/radmed.com.pl\/index.php\/kontakt\/","title":{"rendered":"Kontakt"},"content":{"rendered":"\n<div class=\"wp-block-group has-global-padding is-layout-constrained wp-container-core-group-is-layout-650790e1 wp-block-group-is-layout-constrained\">\n<h1 class=\"wp-block-heading has-text-align-center has-x-large-font-size\">ul. Struga 53 \u0141\u00f3d\u017a 90-420<\/h1>\n\n\n\n<div style=\"height:1.25rem\" aria-hidden=\"true\" class=\"wp-block-spacer\"><\/div>\n\n\n\n<p class=\"has-text-align-center\">Dy\u017cury telefoniczne poniedzia\u0142ek 15.00 &#8211; 18.00<\/p>\n\n\n\n<div style=\"height:1.25rem\" aria-hidden=\"true\" class=\"wp-block-spacer\"><\/div>\n\n\n\n<p class=\"has-text-align-center\">Telefon: 42 633 93 44<\/p>\n<\/div>\n\n\n\n<div class=\"wp-block-group has-global-padding is-layout-constrained wp-block-group-is-layout-constrained\">\n<figure class=\"wp-block-image size-large\"><img loading=\"lazy\" decoding=\"async\" width=\"1024\" height=\"548\" src=\"https:\/\/radmed.com.pl\/wp-content\/uploads\/2024\/08\/Zrzut-ekranu-2024-08-15-o-16.20.40-1-1024x548.png\" alt=\"\" class=\"wp-image-97\" srcset=\"https:\/\/radmed.com.pl\/wp-content\/uploads\/2024\/08\/Zrzut-ekranu-2024-08-15-o-16.20.40-1-1024x548.png 1024w, https:\/\/radmed.com.pl\/wp-content\/uploads\/2024\/08\/Zrzut-ekranu-2024-08-15-o-16.20.40-1-300x161.png 300w, https:\/\/radmed.com.pl\/wp-content\/uploads\/2024\/08\/Zrzut-ekranu-2024-08-15-o-16.20.40-1-768x411.png 768w, https:\/\/radmed.com.pl\/wp-content\/uploads\/2024\/08\/Zrzut-ekranu-2024-08-15-o-16.20.40-1-1536x822.png 1536w, https:\/\/radmed.com.pl\/wp-content\/uploads\/2024\/08\/Zrzut-ekranu-2024-08-15-o-16.20.40-1.png 2022w\" sizes=\"auto, (max-width: 1024px) 100vw, 1024px\" \/><\/figure>\n<\/div>\n","protected":false},"excerpt":{"rendered":"<p>ul. Struga 53 \u0141\u00f3d\u017a 90-420 Dy\u017cury telefoniczne poniedzia\u0142ek 15.00 &#8211; 18.00 Telefon: 42 633 93 44<\/p>\n","protected":false},"author":1,"featured_media":0,"parent":0,"menu_order":0,"comment_status":"closed","ping_status":"closed","template":"","meta":{"footnotes":""},"class_list":["post-89","page","type-page","status-publish","hentry"],"_links":{"self":[{"href":"https:\/\/radmed.com.pl\/index.php\/wp-json\/wp\/v2\/pages\/89","targetHints":{"allow":["GET"]}}],"collection":[{"href":"https:\/\/radmed.com.pl\/index.php\/wp-json\/wp\/v2\/pages"}],"about":[{"href":"https:\/\/radmed.com.pl\/index.php\/wp-json\/wp\/v2\/types\/page"}],"author":[{"embeddable":true,"href":"https:\/\/radmed.com.pl\/index.php\/wp-json\/wp\/v2\/users\/1"}],"replies":[{"embeddable":true,"href":"https:\/\/radmed.com.pl\/index.php\/wp-json\/wp\/v2\/comments?post=89"}],"version-history":[{"count":3,"href":"https:\/\/radmed.com.pl\/index.php\/wp-json\/wp\/v2\/pages\/89\/revisions"}],"predecessor-version":[{"id":98,"href":"https:\/\/radmed.com.pl\/index.php\/wp-json\/wp\/v2\/pages\/89\/revisions\/98"}],"wp:attachment":[{"href":"https:\/\/radmed.com.pl\/index.php\/wp-json\/wp\/v2\/media?parent=89"}],"curies":[{"name":"wp","href":"https:\/\/api.w.org\/{rel}","templated":true}]}}